c.
2, 17
Let w(n) = -147*n**3 + 16*n**2 - 18*n - 35. List the prime factors of w(-4).
89, 109
What are the prime factors of (-34)/(-119)*(-133791)/(-6)?
23, 277
Suppose 5*m + 4286 = 5*c - 939, 0 = 4*m + 2*c + 4150. Let s = m - -1931. List the prime factors of s.
3, 11
Let j(l) = l**2 + 2*l + 4. Let y be j(-2). Suppose y*g + g = 4265. What are the prime factors of g?
853
Let d(i) = -5184*i**3 - 17*i**2 + 21*i - 18. Let t(l) = 1296*l**3 + 4*l**2 - 5*l + 4. Let y(f) = 2*d(f) + 9*t(f). What are the prime factors of y(1)?
5, 7, 37
Let a(x) = -22*x - 7 + 6 + 7. Let t = 29 + -34. List the prime factors of a(t).
2, 29
Let v(s) = 82*s**2 + 330*s - 1640. List the prime factors of v(5).
2, 5, 103
Suppose 3*r - 2*r = 14. Suppose -4*x = -3*k - 2 + r, 2*x = 0. Suppose -4*t = -348 + k. What are the prime factors of t?
2, 43
Suppose -2*i - 5*h + 33 = 0, -2*h = -4*i - h + 33. Let q(c) = 21*c + 33. What are the prime factors of q(i)?
2, 3, 37
Suppose 149 = 4*u - 67. Suppose 3*i + 3*m = -u, -i - 4*m - 32 = i. Let k = 150 + i. What are the prime factors of k?
2, 5, 13
What are the prime factors of (4/6)/(7 + 45507202/(-6501042))?
3, 41, 383
Let s(g) = g**3 + 4*g**2 - g + 3. Let a be s(-4). Suppose 2101 = 18*x - a*x. List the prime factors of x.
191
Let x(d) = -2*d**2 + 19*d + 37. Let o be x(11). Suppose 4*i - 60 - 656 = -o*r, 0 = 3*i - 3. List the prime factors of r.
2, 89
Let l = 2748 + 4317. List the prime factors of l.
3, 5, 157
Let x(s) = -4*s + 16. Let y be x(4). Let h be (3 - 3) + (y - -206). Let f = h + -140. List the prime factors of f.
2, 3, 11
Let r be 6 + 78/12 - 2/(-4). Let p(n) = n - 9. Let i be p(r). List the prime factors of (26 + i)*24/9.
2, 5
Suppose -3953 = -20*x - 273. Let l = x - -1162. List the prime factors of l.
2, 673
Suppose 2*l - 2*t = -l + 21, 0 = -5*l + 5*t + 35. Let w(d) = -3*d + 61. What are the prime factors of w(l)?
2, 5
Suppose 12*b - 9*b - 3*p - 135513 = 0, 45150 = b + 2*p. List the prime factors of b.
2, 7, 1613
Let s = 12452 + -3286. List the prime factors of s.
2, 4583
Suppose -4*i + 8*i + h - 122 = 0, 5*h - 100 = -3*i. Suppose 36*f - 2214 = i*f. List the prime factors of f.
3, 41
Let u(v) = -69*v - 1396. What are the prime factors of u(-44)?
2, 5, 41
Let l(o) = 153*o**2 + 3*o - 2. Let s be l(4). Suppose 0 = 14*j - s - 5130. What are the prime factors of j?
2, 271
Let r(d) = -2*d**3 - 48*d**2 - 31*d + 110. List the prime factors of r(-31).
5, 7, 83
List the prime factors of (-75062)/(-10) - (-2)/(-10).
2, 3, 139
Suppose -l + 360 = 5*d, d - 368 = -l - 20. Let u = 618 - l. What are the prime factors of u?
3, 7, 13
Suppose a - 31 + 9 = 0. Suppose a = -d + 2. Let o = 7 - d. List the prime factors of o.
3
Let x = 44140 + -30634. List the prime factors of x.
2, 3, 2251
Let v be 20/90 + 2/18*25. Suppose v*b = i - 1 + 3, 5*i - b = 18. List the prime factors of (11 - (i - 1))/((-1)/(-10)).
2, 5
Let c(y) = 32*y**2 - 16*y**2 - 8 - 9*y**2 - 23*y - 4*y**2. List the prime factors of c(15).
2, 7, 23
What are the prime factors of (-4)/(-28) + (7706/(-28))/(9/(-162))?
2, 2477
Suppose k = 2*t + 526, 612 = k + 2*t + 94. Let z be (-8940)/24 + 2*(-2)/8. Let f = z + k. What are the prime factors of f?
149
Let z(g) be the second derivative of -2551*g**3/6 - 34*g. Let h be z(-1). Suppose 0 = 13*i + 731 - h. What are the prime factors of i?
2, 5, 7
Let o be 6 - -7 - (-1 + 6/(-2)). Let b(q) = q**2 + 8*q - 63. What are the prime factors of b(o)?
2, 181
Suppose 19*d = -d + 10780. Suppose 0 = 20*o - 1799 + d. What are the prime factors of o?
3, 7
Suppose -27*t + 48 = -3*t. Let c(q) = 79*q**3 + 4*q**2 - 8*q + 2. What are the prime factors of c(t)?
2, 317
Suppose 5869635 = 180*h + 2108715. What are the prime factors of h?
2, 31, 337
Let n(m) = 6*m**2 - 8*m + 4. Let d be n(6). Suppose -5*l - 2*h - 3*h + 415 = 0, 4*l + h = 326. Suppose l*c = 79*c + d. What are the prime factors of c?
2, 43
Let n(t) = -25*t + 6. Let z be n(3). Let h(s) = s**3 - 12*s**2 - s - 23. Let b be h(12). Let a = b - z. List the prime factors of a.
2, 17
Let z = -2347 - -15811. List the prime factors of z.
2, 3, 11, 17
Let j(w) = w**3 - 16*w**2 + 174*w - 173. List the prime factors of j(42).
52999
Suppose 3*q + 3*k - 1785 = 0, -2*k = 4*q - 2788 + 412. List the prime factors of q.
593
Suppose 7*v - 9 = 26. Suppose -v*y + 5*a = -150, -5*a + 83 = 3*y - a. List the prime factors of y.
29
Let f be ((-400)/150)/((-4)/30). Suppose f*c = -13*c + 5346. List the prime factors of c.
2, 3
Suppose 2*j - 11*j = -16634 + 4088. List the prime factors of j.
2, 17, 41
Let c(n) = -2*n**2 - 26*n - 120. Let r be c(-8). Let f be 4/6 + 80/6. Let m = f - r. What are the prime factors of m?
2, 3
Let x = 304 - 318. Let j(u) be the first derivative of -u**3/3 - 19*u**2/2 + u - 1. What are the prime factors of j(x)?
71
Let x(i) be the second derivative of -i**4/6 + 10*i**3/3 - 7*i**2 - 5*i. Let y be x(9). Suppose 5*n - y*n = 86. What are the prime factors of n?
2, 43
Let a be (10/3)/((-2)/(-231)). Suppose -a - 575 = -4*f. What are the prime factors of f?
2, 3, 5
Suppose 1294 + 1 = 3*j - p, 0 = 4*j - 2*p - 1728. Let x = j - 174. What are the prime factors of x?
257
Suppose -5*m - 2 + 12 = 0, 5*g - 15 = 5*m. Suppose 5*v - 7 = g*n - 2*n, 2*v + 53 = -5*n. Let u(c) = -10*c + 1. What are the prime factors of u(n)?
7, 13
Suppose 0 = -0*c + 46*c - 973360. List the prime factors of c.
2, 5, 23
Let o be -342*(15/(-12) + (-12)/(-16)). Suppose 3*j + 285 = -5*f + j, 3*f + o = -2*j. Let n = 29 - f. What are the prime factors of n?
2, 43
Suppose -3*b - 4*i = -5*b + 8, 4*b + 3*i - 71 = 0. Suppose 2*t + b*l - 17*l - 1205 = 0, t - l - 601 = 0. List the prime factors of t.
2, 13, 23
Let m(q) = -7*q**3 - 240*q**2 - 60*q - 15. List the prime factors of m(-36).
3, 17, 347
List the prime factors of -7 + 104868/45 - 2/5.
23, 101
Let l(w) = w**2 - 15*w + 38. Let t be l(12). Suppose -79 = -5*s - 2*x, 6*x - 2*x - 22 = -t*s. What are the prime factors of s?
17
Let m = -2806 + 10523. List the prime factors of m.
7717
Let l(t) = 4*t**2 - 5*t + 6. Let z(m) = -m + 1. Let p(g) = l(g) - 6*z(g). Let d = -8 - -12. What are the prime factors of p(d)?
2, 17
Suppose 57*n - 58*n = -72. Suppose n = -5*v + 3*y + 13, 2*v = -2*y - 30. What are the prime factors of (20/(-6))/(v/195)?
2, 5
Suppose -m = 791 - 2803. Suppose 48*b - 44*b = m. List the prime factors of b.
503
List the prime factors of ((-2080)/78 - -27) + (-38762)/(-3).
3, 59, 73
Let f(h) = -h**3 - h**2 + 5*h - 3. Let i be f(-3). Let c be 102/(1 - i)*34/51. Suppose c = -6*b + 944. What are the prime factors of b?
2, 73
Let q = -53 - -66. Let w(b) = -33*b + 5 - q - 143*b + 68*b. List the prime factors of w(-1).
2, 5
Suppose -p + 7 = -8. Let h be (-2616)/p - 3/15*3. Let f = 4 - h. What are the prime factors of f?
179
Let q = 55303 + -39144. What are the prime factors of q?
11, 13, 113
Let v(i) = 2*i**3 + 201*i**2 + 10*i - 18. List the prime factors of v(-99).
3, 5, 631
Let x = 4730 - -4271. List the prime factors of x.
9001
Suppose j + 2*j + 170 = -z, 4*z + 281 = -5*j. Let l = j + 54. What are the prime factors of (l - -3 - 21/(-6))*10?
5, 7
Suppose 2*b = 5*k - 2*b - 21, 4*k = -3*b + 23. Let m be -3*(-5)/15 - k. What are the prime factors of (m/(-6))/((-3)/(-324))?
2, 3
Suppose 5*m + 3*a - 369378 = a, 5*m = 4*a + 369324. What are the prime factors of m?
2, 3, 19
Let v(h) = 226*h**2 - h + 59. Let c be v(13). Suppose 0 = i - 33*i + c. List the prime factors of i.
5, 239
Let w(d) = -d**2 + 4*d - 5. Let m be w(6). Let l be (3*1/4)/(m/(-68)). Suppose -5*x - 4*r = -464, 88 = l*x - 2*r - 208. List the prime factors of x.
2, 3
Suppose -16*o - 913 = 17615. Let f = -654 - o. What are the prime factors of f?
2, 3, 7
What are the prime factors of (-39842000)/(-1600) + 0 + (-3)/(-4)?
2, 12451
Suppose 0 = -98*c + 768956 - 199184. List the prime factors of c.
2, 3, 17, 19
Suppose -2*z + 0*z - 34 = 2*s, 2*s - 74 = 4*z. Let j = z + -48. Let v = 74 + j. What are the prime factors of v?
2
Let r(k) = k + 154. Suppose 2*z + 5*i + 5 = 0, 3*z = 4*i + 19 + 8. Suppose z*y + 10 = 5*q, -6*q + 4*y + 8 = -q. List the prime factors of r(q).
2, 7, 11
Let q = 224 + -216. Suppose 4*y + 2*k - 2816 = 0, -1396 = -2*y + 13*k - q*k. List the prime factors of y.
19, 37
Suppose 0*i + i + 182 = 0. Suppose 396*a - 435 = 5*o + 397*a, 0 =